{"id":93,"date":"2024-09-05T14:02:08","date_gmt":"2024-09-05T14:02:08","guid":{"rendered":"https:\/\/penjaq.fi\/musiikki\/?page_id=93"},"modified":"2026-01-13T10:11:22","modified_gmt":"2026-01-13T10:11:22","slug":"jumalan-valepuvut","status":"publish","type":"page","link":"https:\/\/penjaq.fi\/musiikki\/jumalan-valepuvut\/","title":{"rendered":"Jumalan valepuvut"},"content":{"rendered":"\n<pre class=\"wp-block-preformatted\">JUMALAN VALEPUVUT<br>A1:<br>D            D        F#m      F#m<br>Pys\u00e4ytt\u00e4\u00e4 en voi t\u00e4t\u00e4 virtaa,<br>D          D          F#m      F#m<br>polkuni on yksi miljoonista.<br>F#m            Hm      D<br>Seuraus seurauksista. <br>       A      F#m         Hm   D<br>En saa tiet\u00e4\u00e4 toisten tarinaa.<br>       A      F#m         Hm<br>En saa tiet\u00e4\u00e4 toisten tarinaa.<br><br>     F#m    F#m          Hm       Hm  <br>Min\u00e4 tunnen kuinka ohjat ottaa<br>D         Hm     Em          F#m            Hm<br>Rakkauden jumala takkuisessa koiran puvus-  sa<br><br>A2:<br>Lahjaani m\u00e4 k\u00e4ytin aseen lailla.<br>Pys\u00e4hdyin. Ja jatkoin matkaa.<br>Mutta miten vaikutinkin,<br>en saa tiet\u00e4\u00e4 toisten tarinaa.<br>En saa tiet\u00e4\u00e4 toisten tarinaa.<br>Onko se vain rooli n\u00e4ytelm\u00e4ss\u00e4:<br>Rakkauden jumala takkuisessa koiran puvussa.<br><br>A3:<br>Min\u00e4 vuorollani astun virtaan<br>J\u00e4t\u00e4n rannan taakse katsomatta. Ja<br>vaikka tahtoisinkin,<br>en saa tiet\u00e4\u00e4 toisten tarinaa.<br>En saa tiet\u00e4\u00e4 toisten tarinaa.<br>Ja niin kulkee aina rinnallani <br>Rakkauden jumala takkuisessa koiran puvussa.<br><\/pre>\n","protected":false},"excerpt":{"rendered":"<p>JUMALAN VALEPUVUTA1:D D F#m F#mPys\u00e4ytt\u00e4\u00e4 en voi t\u00e4t\u00e4 virtaa,D D F#m F#mpolkuni [&hellip;]<\/p>\n","protected":false},"author":1,"featured_media":0,"parent":0,"menu_order":0,"comment_status":"closed","ping_status":"closed","template":"","meta":{"footnotes":""},"class_list":["post-93","page","type-page","status-publish","hentry"],"_links":{"self":[{"href":"https:\/\/penjaq.fi\/musiikki\/wp-json\/wp\/v2\/pages\/93","targetHints":{"allow":["GET"]}}],"collection":[{"href":"https:\/\/penjaq.fi\/musiikki\/wp-json\/wp\/v2\/pages"}],"about":[{"href":"https:\/\/penjaq.fi\/musiikki\/wp-json\/wp\/v2\/types\/page"}],"author":[{"embeddable":true,"href":"https:\/\/penjaq.fi\/musiikki\/wp-json\/wp\/v2\/users\/1"}],"replies":[{"embeddable":true,"href":"https:\/\/penjaq.fi\/musiikki\/wp-json\/wp\/v2\/comments?post=93"}],"version-history":[{"count":13,"href":"https:\/\/penjaq.fi\/musiikki\/wp-json\/wp\/v2\/pages\/93\/revisions"}],"predecessor-version":[{"id":621,"href":"https:\/\/penjaq.fi\/musiikki\/wp-json\/wp\/v2\/pages\/93\/revisions\/621"}],"wp:attachment":[{"href":"https:\/\/penjaq.fi\/musiikki\/wp-json\/wp\/v2\/media?parent=93"}],"curies":[{"name":"wp","href":"https:\/\/api.w.org\/{rel}","templated":true}]}}