{"id":88,"date":"2024-09-05T10:48:42","date_gmt":"2024-09-05T10:48:42","guid":{"rendered":"https:\/\/penjaq.fi\/musiikki\/?page_id=88"},"modified":"2024-09-25T15:54:03","modified_gmt":"2024-09-25T15:54:03","slug":"ensimmainen-paiva","status":"publish","type":"page","link":"https:\/\/penjaq.fi\/musiikki\/ensimmainen-paiva\/","title":{"rendered":"Ensimm\u00e4inen p\u00e4iv\u00e4"},"content":{"rendered":"\n<pre class=\"wp-block-preformatted\">A1:<br>        G       %       Hm       Am<br>    Jos itse en muista, muistuta mua, ett\u00e4<br>    C        %          %         Am<br>    hetkest\u00e4 toiseen m\u00e4 saan rakastua.<br>    G        %      Hm         Am<br>    Muistuta kunnes muistan m\u00e4 sen: me <br>    C      %        %       Em<br>    el\u00e4mme saarella onnellisten.<br>    Em<br>    Am       Hm       D7     G<br>    Pienist\u00e4 j\u00e4ljist\u00e4 korallien<br>       Am       %      %       G<br>    me l\u00f6yd\u00e4mme p\u00e4iv\u00e4n ensimm\u00e4isen.<br>    G   %<br>A2:<br>    N\u00e4enk\u00f6 suurta suunnitelmaa?<br>    Kohtaloa? tai sattumaa?<br>    me olemme tuhkaa aurinkojen<br>    rakennusainetta maailmojen<br>    ja j\u00e4lkeen vuosimiljoonien<br>    joku l\u00f6yt\u00e4\u00e4 p\u00e4iv\u00e4n ensimm\u00e4isen<br><br>A3<br>    Jos itse en muista, muistuta mua, my\u00f6s<br>    liiasta valosta voi sokeutua. Y\u00f6n<br>    viile\u00e4t varjot ne mua lohduttaa. Ja<br>    valo on j\u00e4lleen niin rauhaisaa.<br>    Taas silm\u00e4ni avaan ihmetellen  <br>    ja aloitan p\u00e4iv\u00e4n ensimm\u00e4isen<br><br>all rights reserved \/ penjaq == Pentti Kuvaja, 2022-2024 ==<br><\/pre>\n","protected":false},"excerpt":{"rendered":"<p>A1: G % Hm Am Jos itse en muista, muistuta mua, ett\u00e4 [&hellip;]<\/p>\n","protected":false},"author":1,"featured_media":0,"parent":0,"menu_order":0,"comment_status":"closed","ping_status":"closed","template":"","meta":{"footnotes":""},"class_list":["post-88","page","type-page","status-publish","hentry"],"_links":{"self":[{"href":"https:\/\/penjaq.fi\/musiikki\/wp-json\/wp\/v2\/pages\/88","targetHints":{"allow":["GET"]}}],"collection":[{"href":"https:\/\/penjaq.fi\/musiikki\/wp-json\/wp\/v2\/pages"}],"about":[{"href":"https:\/\/penjaq.fi\/musiikki\/wp-json\/wp\/v2\/types\/page"}],"author":[{"embeddable":true,"href":"https:\/\/penjaq.fi\/musiikki\/wp-json\/wp\/v2\/users\/1"}],"replies":[{"embeddable":true,"href":"https:\/\/penjaq.fi\/musiikki\/wp-json\/wp\/v2\/comments?post=88"}],"version-history":[{"count":5,"href":"https:\/\/penjaq.fi\/musiikki\/wp-json\/wp\/v2\/pages\/88\/revisions"}],"predecessor-version":[{"id":198,"href":"https:\/\/penjaq.fi\/musiikki\/wp-json\/wp\/v2\/pages\/88\/revisions\/198"}],"wp:attachment":[{"href":"https:\/\/penjaq.fi\/musiikki\/wp-json\/wp\/v2\/media?parent=88"}],"curies":[{"name":"wp","href":"https:\/\/api.w.org\/{rel}","templated":true}]}}