{"id":519,"date":"2025-11-30T09:35:42","date_gmt":"2025-11-30T09:35:42","guid":{"rendered":"https:\/\/penjaq.fi\/musiikki\/?page_id=519"},"modified":"2025-11-30T09:35:42","modified_gmt":"2025-11-30T09:35:42","slug":"kynttilat","status":"publish","type":"page","link":"https:\/\/penjaq.fi\/musiikki\/kynttilat\/","title":{"rendered":"Kynttil\u00e4t"},"content":{"rendered":"\n<pre class=\"wp-block-preformatted\">KYNTTIL\u00c4T (2025)<br><br>Em                Am<br>N\u00e4ink\u00f6 pian t\u00e4nne tultiin<br>Em                 Am<br>N\u00e4ink\u00f6 helppoa t\u00e4\u00e4 on<br>Em              Am<br>Huviretki pientareelle<br>Em               Am<br>Voisin olla kuka vaan<br><br>Em                 Am<br>Toiveille ja rukouksille<br>G                 Em<br>Kynttil\u00e4n nyt sytyt\u00e4n<br><br>C               Em<br>Lupa antaa,     saada ja anoa<br>Ei yht\u00e4 pahaa   sanaa sanoa<br>Monta hyv\u00e4\u00e4     pient\u00e4 tekoa<br>Kultajyv\u00e4\u00e4      hiekan seassa<br><br>C                   Em<br>Kunnes kynttil\u00e4t on loppuun palaneet<br>Kunnes kynttil\u00e4t on loppuun palaneet<br>Kunnes kynttil\u00e4t on loppuun palaneet<br>Em7   Am<br>Syd\u00e4n karrella<br>Em7   Am<br>Sulaa vahaa<br>Dm          Em7     Am<br>Pianonkannella<br><br>C             Em<br>Voimaa ja     suurta rohkeutta<br>V\u00e4\u00e4ryyksi\u00e4    vastaan taistella<br>Totuudella    vastaan valheita<br>Oikeudella    vastaan julmuutta<br>Yht\u00e4 hyv\u00e4\u00e4    suurta tekoa<br>Kultajyv\u00e4\u00e4    hiekan seassa<br><br>C                   Em<br>Kunnes kynttil\u00e4t on loppuun palaneet<br>Kunnes kynttil\u00e4t on loppuun palaneet<br>Kunnes kynttil\u00e4t on loppuun palaneet<br>Em7   Am<br>Syd\u00e4n karrella<br>Em7   Am<br>Sulaa vahaa<br>Dm          Em7     Am<br>Pianonkannella<br><br><\/pre>\n","protected":false},"excerpt":{"rendered":"<p>KYNTTIL\u00c4T (2025)Em AmN\u00e4ink\u00f6 pian t\u00e4nne tultiinEm AmN\u00e4ink\u00f6 helppoa t\u00e4\u00e4 onEm AmHuviretki pientareelleEm [&hellip;]<\/p>\n","protected":false},"author":1,"featured_media":0,"parent":0,"menu_order":0,"comment_status":"closed","ping_status":"closed","template":"","meta":{"footnotes":""},"class_list":["post-519","page","type-page","status-publish","hentry"],"_links":{"self":[{"href":"https:\/\/penjaq.fi\/musiikki\/wp-json\/wp\/v2\/pages\/519","targetHints":{"allow":["GET"]}}],"collection":[{"href":"https:\/\/penjaq.fi\/musiikki\/wp-json\/wp\/v2\/pages"}],"about":[{"href":"https:\/\/penjaq.fi\/musiikki\/wp-json\/wp\/v2\/types\/page"}],"author":[{"embeddable":true,"href":"https:\/\/penjaq.fi\/musiikki\/wp-json\/wp\/v2\/users\/1"}],"replies":[{"embeddable":true,"href":"https:\/\/penjaq.fi\/musiikki\/wp-json\/wp\/v2\/comments?post=519"}],"version-history":[{"count":1,"href":"https:\/\/penjaq.fi\/musiikki\/wp-json\/wp\/v2\/pages\/519\/revisions"}],"predecessor-version":[{"id":520,"href":"https:\/\/penjaq.fi\/musiikki\/wp-json\/wp\/v2\/pages\/519\/revisions\/520"}],"wp:attachment":[{"href":"https:\/\/penjaq.fi\/musiikki\/wp-json\/wp\/v2\/media?parent=519"}],"curies":[{"name":"wp","href":"https:\/\/api.w.org\/{rel}","templated":true}]}}