{"id":280,"date":"2025-03-02T15:42:41","date_gmt":"2025-03-02T15:42:41","guid":{"rendered":"https:\/\/penjaq.fi\/musiikki\/?page_id=280"},"modified":"2025-03-02T15:42:41","modified_gmt":"2025-03-02T15:42:41","slug":"kuin-terasjaa-sanat","status":"publish","type":"page","link":"https:\/\/penjaq.fi\/musiikki\/kuin-terasjaa-sanat\/","title":{"rendered":"Kuin ter\u00e4sj\u00e4\u00e4 (sanat)"},"content":{"rendered":"\n<p><a href=\"https:\/\/penjaq.fi\/musiikki\/kuin-terasjaa\/\" data-type=\"page\" data-id=\"132\">Soinnut<\/a><\/p>\n\n\n\n<pre class=\"wp-block-preformatted\">A1:<br><br>Kerro vaan, oon t\u00e4ss\u00e4 vierell\u00e4s,<br>kerro vaan, m\u00e4 kuuntelen<br>Vaietaan, jos silt\u00e4 tuntuu<br>Kuitenkaan, m\u00e4 v\u00e4isty en<br><br>A2:<br>Kumpikin on joskus omillaan, <br>Omin s\u00e4\u00e4nn\u00f6in, yksintein.<br>Kumpikin on vahva tavallaan:<br><br>Br1:<br>Kas heikkous on suurin vahvuutein<br><br>Chorus:<br>T\u00e4ss\u00e4 kohtaa kest\u00e4n, kuin ter\u00e4sj\u00e4\u00e4<br>T\u00e4ll\u00e4 kertaa oon se olkap\u00e4\u00e4<br><br>A3:<br>Antaa lohtusuklaan lohduttaa<br>Antaa viinin l\u00e4mmitt\u00e4\u00e4<br>T\u00e4\u00e4 on SuomiLoven uusintaa<br><br>Br2:<br>kaikki muukin on Vain el\u00e4m\u00e4\u00e4<br><br>Chorus *2<br>T\u00e4ss\u00e4 kohtaa kest\u00e4n, kuin ter\u00e4sj\u00e4\u00e4<br>T\u00e4ll\u00e4 kertaa oon se olkap\u00e4\u00e4<br><br>all rights reserved \/ penjaq == Pentti Kuvaja ==<\/pre>\n","protected":false},"excerpt":{"rendered":"<p>Soinnut A1:Kerro vaan, oon t\u00e4ss\u00e4 vierell\u00e4s,kerro vaan, m\u00e4 kuuntelenVaietaan, jos silt\u00e4 tuntuuKuitenkaan, [&hellip;]<\/p>\n","protected":false},"author":1,"featured_media":0,"parent":0,"menu_order":0,"comment_status":"closed","ping_status":"closed","template":"","meta":{"footnotes":""},"class_list":["post-280","page","type-page","status-publish","hentry"],"_links":{"self":[{"href":"https:\/\/penjaq.fi\/musiikki\/wp-json\/wp\/v2\/pages\/280","targetHints":{"allow":["GET"]}}],"collection":[{"href":"https:\/\/penjaq.fi\/musiikki\/wp-json\/wp\/v2\/pages"}],"about":[{"href":"https:\/\/penjaq.fi\/musiikki\/wp-json\/wp\/v2\/types\/page"}],"author":[{"embeddable":true,"href":"https:\/\/penjaq.fi\/musiikki\/wp-json\/wp\/v2\/users\/1"}],"replies":[{"embeddable":true,"href":"https:\/\/penjaq.fi\/musiikki\/wp-json\/wp\/v2\/comments?post=280"}],"version-history":[{"count":1,"href":"https:\/\/penjaq.fi\/musiikki\/wp-json\/wp\/v2\/pages\/280\/revisions"}],"predecessor-version":[{"id":281,"href":"https:\/\/penjaq.fi\/musiikki\/wp-json\/wp\/v2\/pages\/280\/revisions\/281"}],"wp:attachment":[{"href":"https:\/\/penjaq.fi\/musiikki\/wp-json\/wp\/v2\/media?parent=280"}],"curies":[{"name":"wp","href":"https:\/\/api.w.org\/{rel}","templated":true}]}}