{"id":274,"date":"2025-03-02T15:34:26","date_gmt":"2025-03-02T15:34:26","guid":{"rendered":"https:\/\/penjaq.fi\/musiikki\/?page_id=274"},"modified":"2025-03-02T15:34:26","modified_gmt":"2025-03-02T15:34:26","slug":"jumala-kirkkonummi-ja-espoo-sanat","status":"publish","type":"page","link":"https:\/\/penjaq.fi\/musiikki\/jumala-kirkkonummi-ja-espoo-sanat\/","title":{"rendered":"Jumala, Kirkkonummi ja Espoo (sanat)"},"content":{"rendered":"\n<p><a href=\"https:\/\/penjaq.fi\/musiikki\/jumala-kirkkonummi-ja-espoo\/\" data-type=\"page\" data-id=\"127\">Soinnut<\/a><\/p>\n\n\n\n<pre class=\"wp-block-preformatted\">Jumala osoitti  lampulla jonnekin<br>Kirkkonummen  suuntaan<br>N\u00e4in lahden yli oudon n\u00e4ytelm\u00e4n<br>tein ensin ristinmerkin<br>ja sitten koputin puuta<br>kun en ollut varma oliko se h\u00e4n<br><br>CHORUS:        <br>syksyn taivas, kylm\u00e4 valo<br>l\u00e4mmin tuuli ja hiljaisuus<br><br>Oon koiran kanssa lenkill\u00e4 kun <br>linnut vaihtaa suuntaa<br>N\u00e4en satelliitin radaltaan eksy-neen<br>sen viesti on kai vaiennut tai <br>vaihtunut matkalla kuun taa<br>ja min\u00e4 itse olen eksynyt Espoo-seen<br><br>Chorus * 2<br><br>CODA<br>Jumala osoitti  lampulla jonnekin<br>Kirkkonummen  suuntaan<br><br>all rights reserved \/ penjaq == Pentti Kuvaja ==<\/pre>\n","protected":false},"excerpt":{"rendered":"<p>Soinnut Jumala osoitti lampulla jonnekinKirkkonummen suuntaanN\u00e4in lahden yli oudon n\u00e4ytelm\u00e4ntein ensin ristinmerkinja [&hellip;]<\/p>\n","protected":false},"author":1,"featured_media":0,"parent":0,"menu_order":0,"comment_status":"closed","ping_status":"closed","template":"","meta":{"footnotes":""},"class_list":["post-274","page","type-page","status-publish","hentry"],"_links":{"self":[{"href":"https:\/\/penjaq.fi\/musiikki\/wp-json\/wp\/v2\/pages\/274","targetHints":{"allow":["GET"]}}],"collection":[{"href":"https:\/\/penjaq.fi\/musiikki\/wp-json\/wp\/v2\/pages"}],"about":[{"href":"https:\/\/penjaq.fi\/musiikki\/wp-json\/wp\/v2\/types\/page"}],"author":[{"embeddable":true,"href":"https:\/\/penjaq.fi\/musiikki\/wp-json\/wp\/v2\/users\/1"}],"replies":[{"embeddable":true,"href":"https:\/\/penjaq.fi\/musiikki\/wp-json\/wp\/v2\/comments?post=274"}],"version-history":[{"count":1,"href":"https:\/\/penjaq.fi\/musiikki\/wp-json\/wp\/v2\/pages\/274\/revisions"}],"predecessor-version":[{"id":275,"href":"https:\/\/penjaq.fi\/musiikki\/wp-json\/wp\/v2\/pages\/274\/revisions\/275"}],"wp:attachment":[{"href":"https:\/\/penjaq.fi\/musiikki\/wp-json\/wp\/v2\/media?parent=274"}],"curies":[{"name":"wp","href":"https:\/\/api.w.org\/{rel}","templated":true}]}}