{"id":257,"date":"2025-03-02T15:09:23","date_gmt":"2025-03-02T15:09:23","guid":{"rendered":"https:\/\/penjaq.fi\/musiikki\/?page_id=257"},"modified":"2025-03-02T15:09:23","modified_gmt":"2025-03-02T15:09:23","slug":"enkelit-sanat","status":"publish","type":"page","link":"https:\/\/penjaq.fi\/musiikki\/enkelit-sanat\/","title":{"rendered":"Enkelit (sanat)"},"content":{"rendered":"\n<p><a href=\"https:\/\/penjaq.fi\/musiikki\/enkelit\/\" data-type=\"page\" data-id=\"114\">Soinnut<\/a><\/p>\n\n\n\n<pre class=\"wp-block-preformatted\">En oikein usko enkeleihin<br>Taivaallisiin, liian kiilt\u00e4viin<br>Jotka vilkaisekaan ei sivuteihin<br>Matkallaan Harmageddoniin<br>Matkallaan Harmageddoniin<br><br>Jos uskon, uskon niihin pudonneisiin,<br>Jotka kulkee hieman sulat sekaisin.<br>Ne s\u00e4dekeh\u00e4\u00e4 kopistelee reisiin,<br>ett\u00e4 ledit vilkkuis v\u00e4h\u00e4n kirkkaammin<br>ett\u00e4 ledit vilkkuis v\u00e4h\u00e4n kirkkaammin<br><br>Ne on, niinkuin mekin, verta, lihaa<br>ja niit\u00e4kin halu kuljettaa.<br>Ne tuntee niinkuin mekin, paitsi vihaa<br>Maan korvessa my\u00f6s niit\u00e4 pelottaa<br>Maan korvessa my\u00f6s niit\u00e4 pelottaa<br><br>Ne nilkuttaen jatkaa teht\u00e4v\u00e4\u00e4ns\u00e4<br>Kun k\u00e4sky k\u00e4vi t\u00e4nne meid\u00e4n luo<br>Ne sumusilmin itkee ik\u00e4v\u00e4\u00e4ns\u00e4<br>Ja selviytyv\u00e4t, jos Luoja suo<br>Ja selviytyv\u00e4t, jos Luoja suo<br><br>Hei, enkelit, lent\u00e4k\u00e4\u00e4 kuin linnut<br>Hei, enkelit, siivet nostakaa<br>Ensi y\u00f6n\u00e4 sataa lunta <br>Ensi y\u00f6n\u00e4 teit\u00e4 tarvitaan<br>Ensi y\u00f6n\u00e4 teit\u00e4 tarvitaan<br>Ensi y\u00f6n\u00e4 teit\u00e4 tarvitaan<br><br>all rights reserved \/ penjaq == Pentti Kuvaja ==<\/pre>\n","protected":false},"excerpt":{"rendered":"<p>Soinnut En oikein usko enkeleihinTaivaallisiin, liian kiilt\u00e4viinJotka vilkaisekaan ei sivuteihinMatkallaan HarmageddoniinMatkallaan HarmageddoniinJos [&hellip;]<\/p>\n","protected":false},"author":1,"featured_media":0,"parent":0,"menu_order":0,"comment_status":"closed","ping_status":"closed","template":"","meta":{"footnotes":""},"class_list":["post-257","page","type-page","status-publish","hentry"],"_links":{"self":[{"href":"https:\/\/penjaq.fi\/musiikki\/wp-json\/wp\/v2\/pages\/257","targetHints":{"allow":["GET"]}}],"collection":[{"href":"https:\/\/penjaq.fi\/musiikki\/wp-json\/wp\/v2\/pages"}],"about":[{"href":"https:\/\/penjaq.fi\/musiikki\/wp-json\/wp\/v2\/types\/page"}],"author":[{"embeddable":true,"href":"https:\/\/penjaq.fi\/musiikki\/wp-json\/wp\/v2\/users\/1"}],"replies":[{"embeddable":true,"href":"https:\/\/penjaq.fi\/musiikki\/wp-json\/wp\/v2\/comments?post=257"}],"version-history":[{"count":1,"href":"https:\/\/penjaq.fi\/musiikki\/wp-json\/wp\/v2\/pages\/257\/revisions"}],"predecessor-version":[{"id":258,"href":"https:\/\/penjaq.fi\/musiikki\/wp-json\/wp\/v2\/pages\/257\/revisions\/258"}],"wp:attachment":[{"href":"https:\/\/penjaq.fi\/musiikki\/wp-json\/wp\/v2\/media?parent=257"}],"curies":[{"name":"wp","href":"https:\/\/api.w.org\/{rel}","templated":true}]}}