{"id":185,"date":"2024-09-22T17:16:51","date_gmt":"2024-09-22T17:16:51","guid":{"rendered":"https:\/\/penjaq.fi\/musiikki\/?page_id=185"},"modified":"2024-09-22T17:22:12","modified_gmt":"2024-09-22T17:22:12","slug":"hei-musta-koira","status":"publish","type":"page","link":"https:\/\/penjaq.fi\/musiikki\/hei-musta-koira\/","title":{"rendered":"Hei musta koira"},"content":{"rendered":"\n<pre class=\"wp-block-preformatted\">1.<br>D                     Em<br>Hei musta koira jatka matkaa eik\u00f6 niin<br>A7     Amaj7         Hm<br>Vaikka toiseen kaupunkiin<br>D                         Em<br>En tahtois my\u00f6nt\u00e4\u00e4, mutta pakko tunnustaa:<br>A7                    D<br>mua kyll\u00e4 hiukan pelottaa<br>   <br>2.<br>Hei musta koira palaa is\u00e4nt\u00e4si luo<br>valkoinen valhe mulle suo.<br>Sano ett\u00e4 eksyit outoon hotelliin<br>ja siksi n\u00e4m\u00e4 treffit peruttiin.<br><br>BRIDGE<br>D                       Em<br>Ainahan voit tulla uudestaan<br>                   D<br>minut l\u00f6yd\u00e4t koska vaan<br><br>KERTSI<br>G         D<br>Hei musta koira<br>G         D<br>Hei musta koira<br>              Em<br>kaikki tiet\u00e4\u00e4 sen<br>             D<br>koira ja ihminen<br>                Em<br>kavereita vanhastaan<br>       A7         D<br>ja is\u00e4nt\u00e4\u00e4si haukutaan<br><br>3.<br>Kai me sent\u00e4\u00e4n yst\u00e4vin\u00e4 erotaan?<br>Ja yksi malja otetaan?<br>Niin harva sulle t\u00e4\u00e4ll\u00e4 vett\u00e4 tarjoaa,  <br>kun kaikki sinut tunnistaa.<br><br>KERTSI<br><br>CODA:<br>D                  Em<br>Viel\u00e4 joskus sinut k\u00e4ym\u00e4\u00e4n haluan<br>   A7                D<br>Ja kanssas luita kaluan<br><br>all rights reserved \/ penjaq == Pentti Kuvaja, 2018 ==<\/pre>\n","protected":false},"excerpt":{"rendered":"<p>1.D EmHei musta koira jatka matkaa eik\u00f6 niinA7 Amaj7 HmVaikka toiseen kaupunkiinD [&hellip;]<\/p>\n","protected":false},"author":1,"featured_media":0,"parent":0,"menu_order":0,"comment_status":"closed","ping_status":"closed","template":"","meta":{"footnotes":""},"class_list":["post-185","page","type-page","status-publish","hentry"],"_links":{"self":[{"href":"https:\/\/penjaq.fi\/musiikki\/wp-json\/wp\/v2\/pages\/185","targetHints":{"allow":["GET"]}}],"collection":[{"href":"https:\/\/penjaq.fi\/musiikki\/wp-json\/wp\/v2\/pages"}],"about":[{"href":"https:\/\/penjaq.fi\/musiikki\/wp-json\/wp\/v2\/types\/page"}],"author":[{"embeddable":true,"href":"https:\/\/penjaq.fi\/musiikki\/wp-json\/wp\/v2\/users\/1"}],"replies":[{"embeddable":true,"href":"https:\/\/penjaq.fi\/musiikki\/wp-json\/wp\/v2\/comments?post=185"}],"version-history":[{"count":3,"href":"https:\/\/penjaq.fi\/musiikki\/wp-json\/wp\/v2\/pages\/185\/revisions"}],"predecessor-version":[{"id":190,"href":"https:\/\/penjaq.fi\/musiikki\/wp-json\/wp\/v2\/pages\/185\/revisions\/190"}],"wp:attachment":[{"href":"https:\/\/penjaq.fi\/musiikki\/wp-json\/wp\/v2\/media?parent=185"}],"curies":[{"name":"wp","href":"https:\/\/api.w.org\/{rel}","templated":true}]}}