{"id":114,"date":"2024-09-08T19:57:36","date_gmt":"2024-09-08T19:57:36","guid":{"rendered":"https:\/\/penjaq.fi\/musiikki\/?page_id=114"},"modified":"2026-01-13T10:04:45","modified_gmt":"2026-01-13T10:04:45","slug":"enkelit","status":"publish","type":"page","link":"https:\/\/penjaq.fi\/musiikki\/enkelit\/","title":{"rendered":"Enkelit"},"content":{"rendered":"\n<pre class=\"wp-block-preformatted\">ENKELIT<br>Gm                 Cm<br>En oikein usko enkeleihin<br>Gm                         Cm<br>Taivaallisiin, liian kiilt\u00e4viin<br>      Gm                  Cm<br>Jotka vilkaisekaan ei sivuteihin<br>Bb              Cm  Gm\/F Gm<br>Matkallaan Harmaged-do-  niin<br>Matkallaan Harmageddoniin<br><br>Jos uskon, uskon niihin pudonneisiin,<br>Jotka kulkee hieman sulat sekaisin.<br>Ne s\u00e4dekeh\u00e4\u00e4 kopistelee reisiin,<br>ett\u00e4 ledit vilkkuis v\u00e4h\u00e4n kirkkaammin<br>ett\u00e4 ledit vilkkuis v\u00e4h\u00e4n kirkkaammin<br><br>Ne on, niinkuin mekin, verta, lihaa<br>ja niit\u00e4kin halu kuljettaa.<br>Ne tuntee niinkuin mekin, paitsi vihaa<br>Maan korvessa my\u00f6s niit\u00e4 pelottaa<br>Maan korvessa my\u00f6s niit\u00e4 pelottaa<br><br>Ne nilkuttaen jatkaa teht\u00e4v\u00e4\u00e4ns\u00e4<br>Kun k\u00e4sky k\u00e4vi t\u00e4nne meid\u00e4n luo<br>Ne sumusilmin itkee ik\u00e4v\u00e4\u00e4ns\u00e4<br>Ja selviytyv\u00e4t, jos Luoja suo<br>Ja selviytyv\u00e4t, jos Luoja suo<br><br>Hei, enkelit, lent\u00e4k\u00e4\u00e4 kuin linnut<br>Hei, enkelit, siivet nostakaa<br>Ensi y\u00f6n\u00e4 sataa lunta <br>Ensi y\u00f6n\u00e4 teit\u00e4 tarvitaan<br>Ensi y\u00f6n\u00e4 teit\u00e4 tarvitaan<br>Ensi y\u00f6n\u00e4 teit\u00e4 tarvitaan<br><\/pre>\n","protected":false},"excerpt":{"rendered":"<p>ENKELITGm CmEn oikein usko enkeleihinGm CmTaivaallisiin, liian kiilt\u00e4viin Gm CmJotka vilkaisekaan ei [&hellip;]<\/p>\n","protected":false},"author":1,"featured_media":0,"parent":0,"menu_order":0,"comment_status":"closed","ping_status":"closed","template":"","meta":{"footnotes":""},"class_list":["post-114","page","type-page","status-publish","hentry"],"_links":{"self":[{"href":"https:\/\/penjaq.fi\/musiikki\/wp-json\/wp\/v2\/pages\/114","targetHints":{"allow":["GET"]}}],"collection":[{"href":"https:\/\/penjaq.fi\/musiikki\/wp-json\/wp\/v2\/pages"}],"about":[{"href":"https:\/\/penjaq.fi\/musiikki\/wp-json\/wp\/v2\/types\/page"}],"author":[{"embeddable":true,"href":"https:\/\/penjaq.fi\/musiikki\/wp-json\/wp\/v2\/users\/1"}],"replies":[{"embeddable":true,"href":"https:\/\/penjaq.fi\/musiikki\/wp-json\/wp\/v2\/comments?post=114"}],"version-history":[{"count":3,"href":"https:\/\/penjaq.fi\/musiikki\/wp-json\/wp\/v2\/pages\/114\/revisions"}],"predecessor-version":[{"id":618,"href":"https:\/\/penjaq.fi\/musiikki\/wp-json\/wp\/v2\/pages\/114\/revisions\/618"}],"wp:attachment":[{"href":"https:\/\/penjaq.fi\/musiikki\/wp-json\/wp\/v2\/media?parent=114"}],"curies":[{"name":"wp","href":"https:\/\/api.w.org\/{rel}","templated":true}]}}